it of d?
5
Let b(y) = -y**3 + 4*y**2 - y - 2. Let i be b(3). Suppose 0 = -f + 4*n - 16, -33 = -i*f + 2*f - 5*n. What is the units digit of f?
4
Let m(d) = -3 + 5*d - 7*d + 2. What is the units digit of m(-3)?
5
Let f(j) = -j - 4. What is the units digit of f(-9)?
5
Suppose 0 = 5*c - 10. Suppose -w = c*v - 3*w - 34, -3*v - 4*w = -51. What is the tens digit of v?
1
Suppose -11 = 4*y + 5. Let x be 0 - 0 - (-60 - y). Suppose -6*h + 2*h = -x. What is the units digit of h?
4
Suppose -3*x + 481 = -4*c, -19 = 5*x - c - 798. What is the units digit of x?
5
Let g = 6 - 1. Suppose g*p - 32 - 18 = 0. What is the units digit of p?
0
Let s(p) = 6*p**2 - 3*p - 4. Let m be s(3). Suppose -5*z = -5*d, -3*d = 3*z - m + 17. Suppose 2*c = 4, -z*l + 3*l + c + 2 = 0. What is the units digit of l?
4
Let c = 130 + -13. What is the units digit of c?
7
Suppose s - 19 = -4*s + x, -2*s = -5*x - 3. Suppose -18 = -3*l + 3*n, -2*n = l + s*l - 9. Let v = 8 - l. What is the units digit of v?
5
Suppose -3*x = m - 188, 0 = -2*x - 3*x - m + 314. What is the tens digit of x?
6
Let a(q) = -4*q**3 - q**2 - 4*q + 3. Let w be a(4). What is the units digit of 4*(w/(-12))/5?
9
Suppose 0 = -2*z - 2, 0 = 4*x - 3*x - z - 224. What is the tens digit of x?
2
Suppose -6 = 3*q - 30. Suppose -5*r + 162 = -q. What is the tens digit of r?
3
Suppose -2*j = -16*j + 2520. What is the tens digit of j?
8
Let k(r) = r**3 + 14*r**2 + 3*r - 13. What is the units digit of k(-13)?
7
Let s(x) = x**3 - 6*x**2 + 6*x + 7. Let n be s(5). Suppose 19 = i - 4*z, 0 = -z - 2*z - n. Suppose o - i = 2*d, 3*d - 4 = d. What is the units digit of o?
7
What is the units digit of (35/(-21))/(1/(-3))?
5
Suppose g = -w - 0 + 1, 5*w + 2*g = -4. What is the units digit of 0*(-1)/w + 1?
1
Let s be (-3)/((-2)/2)*-8. Let t be ((-12)/(-16))/(2/s). What is the tens digit of (-6)/t*102/4?
1
Suppose -5*l + 3*g + 165 = -2*g, 0 = 5*l - 3*g - 159. What is the tens digit of l?
3
Let h be (18/8)/((-6)/(-176)). Let y = h + -25. What is the units digit of y?
1
Let l(r) = 6*r - 3. Let v be l(4). What is the tens digit of 267/v - 2/(-7)?
1
Suppose -3*k + 1 = -11. Let g = 6 - k. What is the units digit of (4/g)/2*1?
1
What is the tens digit of (-1)/(-2)*(1 - 5) + 98?
9
Suppose 3*a + d = a + 245, 5*a - 611 = -3*d. What is the units digit of a?
4
Suppose 5*f = -2*d + 486, -f = d - 5*d + 928. What is the units digit of d?
3
Suppose s = 3*s. Suppose k = -s*k + 10. What is the units digit of k?
0
Suppose -18 = -2*y + 5*z, -5*z - 8 = -y - 3*z. Suppose 5*h - 24 = 2*o - 0*o, -5*h + 18 = -y*o. What is the units digit of h?
6
Let t(s) be the second derivative of 0 - 3*s - 3*s**2 - 1/2*s**3. What is the units digit of t(-5)?
9
Suppose 165 + 564 = 9*d. What is the units digit of d?
1
Let w be ((-4)/3)/((-6)/18). Suppose 3*v - 101 = t, 154 = 4*v - w*t + 14. What is the units digit of v?
3
Let a(f) = -5 + 1 + f**2 - 4*f + f + 7*f. What is the units digit of a(-5)?
1
Let u = 14 - 13. What is the units digit of u?
1
Let g(t) = -t**3 + 6*t**2 + 7*t + 3. Let u be g(7). Let p be (-5)/u*(0 + -3). Suppose 8*b + 4*n - 30 = 3*b, 12 = 2*b - p*n. What is the units digit of b?
6
Suppose -2 - 3 = -t. Suppose -4*d - 23 = -5*w + 26, -t*d + 40 = 5*w. Let j = 15 - w. What is the units digit of j?
6
Let i(k) = 13*k + 1. Let n be i(1). Suppose 3*a + 2*a - 4*f = 34, -a = f - n. What is the tens digit of a?
1
Let g(u) = u**3 - 5*u**2 + 2. Let s be g(5). Let h be 4*(s + -3)*-1. Suppose -2*w + p + 27 = h*p, 2*w - 4*p - 34 = 0. What is the tens digit of w?
1
Let x(q) = q + 17. Suppose 4*m = -44 - 4. Let f = 4 + m. What is the units digit of x(f)?
9
Let w(f) = -f**3 - 8*f**2 + f + 1. Let n be w(-8). Let l(y) = y**2 + 6*y - 9. Let v be l(n). Let k(t) = -8*t + 2. What is the units digit of k(v)?
8
Let j = 1 + -3. Let w be (-126)/(-30) + j/10. Suppose -w*y + 2*y = -10. What is the units digit of y?
5
Let z(b) = -32*b**3 + 2*b**2 - 1. What is the units digit of z(-1)?
3
Let o = 2 + -8. What is the units digit of 1 + -1 + (o - -9)?
3
What is the tens digit of ((0 - -1)/(-2))/(-1)*152?
7
Suppose -4*o + 7 = -5. Suppose -o*s - s + 32 = 0. What is the units digit of s?
8
Let x(a) = -6*a - 1. Let z be x(-7). Suppose -4*r = -5*h - z, -3*r - 2*h + 22 = -4*h. What is the units digit of r?
4
Let q = 94 - 64. What is the tens digit of q?
3
Suppose -4*y = -4*k - 244, y - k + 116 = 3*y. What is the tens digit of y?
5
What is the units digit of 2/(2/21 - 0)?
1
Let x = -7 - -10. Let k be x/(3/5) + -3. Suppose -2*p + 13 = j, k*p + 4 - 6 = 0. What is the units digit of j?
1
Let w be 2*-2*6/8. What is the units digit of w/6 - 14/(-4)?
3
Let x(f) = f**3 + 6*f**2 + 4*f - 3. Let j be x(-5). Suppose -5*n + 12 = j*w - 4, 0 = n + 4. What is the units digit of w?
8
Let v be 4/6 - (-20)/6. Let z be (4/(-5))/(v/(-10)). Suppose 0 = -z*h + 1 + 9. What is the units digit of h?
5
Suppose 152 = 2*w + 2*w. Suppose 2*n + 0*m - m - w = 0, -m - 57 = -3*n. What is the tens digit of n?
1
Let t(j) = j - 22. Let b be t(0). Let w = 6 - b. What is the tens digit of w?
2
Suppose -3*v + h - 9 = -4, -10 = -4*v - 2*h. Let u be v + -1 - 32/(-8). What is the units digit of 9 + -4*u/6?
7
What is the tens digit of 104*1 - (13 + -16)?
0
Let o be (6/5)/(15/350). Suppose 133 = 3*i + o. What is the units digit of i?
5
Let v = -8 - -4. Let l = v - -11. What is the units digit of l?
7
Let v be (-8)/(-1) - (1 - -1). What is the units digit of 2 - (-1 - v*2)?
5
Let q(r) = -r**3 - 8*r**2 - 8*r + 1. Let h be q(-6). Let j = h - -48. What is the tens digit of j?
2
Let n = 6 - 2. Let z = 8 - 6. Let o = n - z. What is the units digit of o?
2
Suppose -3*i = -1009 - 158. What is the units digit of i?
9
Suppose -3*g + 4 = -8. Suppose -g*l + 36 = -2*l. What is the units digit of l?
8
What is the units digit of 18*(-4)/(-48)*4?
6
Let s = -8 - -2. Let b be 276/14 - s/21. Let y = -13 + b. What is the units digit of y?
7
Let p be (-21)/4 + 4/16. Let b(l) = l**3 + 4*l**2 - 6*l - 3. What is the units digit of b(p)?
2
Let f be 12 + 0 + (-3)/1. Let n = -8 + f. What is the units digit of n?
1
Suppose -3*q = -4*a + 88, 0*q - 2*q + a = 57. Let k = q + 61. Let j = -21 + k. What is the units digit of j?
2
What is the units digit of (-81)/(-15) + 2/(-5)?
5
Suppose -691 = -5*i - 226. What is the units digit of i?
3
Let v = 4 + 4. Let s(a) = -a**2 + 4*a + 2. Let w be s(4). Let g = v + w. What is the tens digit of g?
1
Let v(y) = -y + 0*y - 5*y + 4 - y**2. Suppose 0*p + 3 = -p. What is the tens digit of v(p)?
1
Let o be 1/(-3) - (-2)/6. Let x(j) = -j**3 - 11*j**2 - 9*j + 8. Let m be x(-10). What is the units digit of ((-1)/m + o)*14?
7
Suppose 0 = -a + 2*r + 31, 4*a + 3*r = 2*a + 41. What is the units digit of a?
5
Let v be 32/(1 + 1 + -1). Suppose -3*l = l - v. What is the units digit of l?
8
Let r(v) = v**2 - 2*v - 5. Let j be r(4). Suppose -j*q + 18 = -27. What is the units digit of q?
5
Let b(h) = 209*h + 1. Let q be b(1). Suppose 4*v = -v + q. What is the units digit of (v/9)/((-4)/(-6))?
7
What is the units digit of 2/(-8) - 2024/(-32)?
3
Let o = 191 + -69. What is the tens digit of o?
2
Let w = -146 - -227. What is the units digit of w?
1
Suppose 2*l - 2*o = -5*o - 6, -4*o - 16 = 0. What is the units digit of l - ((-6)/3 + 2)?
3
Let u(k) = k + 11. Let i be u(-8). Suppose 3*y + 14 = -2*p + i*p, 2*y + 4*p = -28. What is the tens digit of -1*(-2)/y*-33?
1
Suppose 0 = -3*f + f - 12. Let m(r) = r**3 + 7*r**2 + 5*r - 4. Let p be m(-6). What is the units digit of 2 - 1 - f/p?
4
Let g be (20 + 2)/(-1 + 3). Suppose -5*i + 4*f - 3*f + 31 = 0, -i + g = -5*f. What is the units digit of i?
6
Let v(l) = 3*l**2 + 9*l - 13. Let f(o) = -10*o**2 - 27*o + 39. Let b(u) = -2*f(u) - 7*v(u). What is the units digit of b(-9)?
3
Suppose -3*h + 66 = -5*o, -3*o - 62 = 2*o - h. Let b = o - -41. Suppose -3*u - 9 = -0*u, -3*u - b = -5*v. What is the units digit of v?
4
Suppose -2*t = d - 99, -4*d = 2*t - 6*t - 444. What is the units digit of d?
7
Suppose 0 = 2*a - 7 - 27. Let t = 7 + 3. Let b = a - t. What is the units digit of b?
7
Let g(r) = 4*r**2 + 2*r - 5. What is the tens digit of g(-4)?
5
Suppose -4*k + 5*f + 45 = -77, -4*f = -2*k + 58. What is the tens digit of k?
3
Suppose -1 = 5*v + 2*w, 4*w - 6 = -v - 17. Suppose -4*a + 51 + v = 0. What is the tens digit of a?
1
Let a(b) = 9*